40, 2*c + 22 = 2*j. Let w = c + 17. Let n = -2 - -5. What is the remainder when w is divided by n?
1
Let d = 6 - 1. Let a = 4 - d. Calculate the remainder when 31 is divided by (-11)/(a/(-2)*-2).
9
Let h = -25 - -39. Let s(k) = 9*k + 14. Let q(f) = -17*f - 27. Let c(g) = -3*q(g) - 5*s(g). What is the remainder when c(7) is divided by h?
11
Suppose -2*m + t = -8, 2*t = -3*t + 10. Suppose -12 = -m*w + 38. What is the remainder when 29 is divided by w?
9
Suppose -9*r + 158 + 40 = 0. Suppose -5*z = -25, -3*z - 4 = 5*u - 49. Suppose 2*w = u*w - 48. What is the remainder when r is divided by w?
10
Calculate the remainder when 67 is divided by (4 + 0)*((-1)/2 - -4).
11
Let i = -34 + 131. Calculate the remainder when i is divided by 22.
9
Suppose -20 = -3*s - 4*g, -5*s + s = -3*g + 15. Suppose s*t + t = 7. What is the remainder when 26 is divided by t?
5
Suppose y - 1 = 1. Suppose 2*f = -4*s + 14, s - 20 = -5*f + 6*s. What is the remainder when f is divided by y?
1
Suppose 4*k = 4*o - 28, -k = o + 4 - 1. Suppose -3*u = o*f - 58, 0*f - 2*u - 15 = -f. What is the remainder when f is divided by 8?
7
Suppose 3*t = 5 + 10. Suppose -4*s - 26 = -5*f + 1, -3*f - t*s = 6. Let c = -2 + 10. What is the remainder when c is divided by f?
2
Suppose 3*j - 11 - 22 = 0. What is the remainder when j is divided by 4?
3
Let b = 7 - 0. Let q(z) = z**3 - 8*z**2 + 6*z + 6. Let k be q(b). Let d(s) = -9*s - 1. Calculate the remainder when 22 is divided by d(k).
6
Let c = -13 + 15. Suppose 23 = l + 3*j, -l + c*j + 22 = 3*l. What is the remainder when 22 is divided by l?
6
Calculate the remainder when 228 is divided by 1/(((-4)/(-138))/(12/9)).
44
Let k(r) = -8*r**3 - 2*r**2 - 2*r. Calculate the remainder when k(-2) is divided by 16.
12
Let d(f) = -11*f**3 + 2*f**2 + f. Calculate the remainder when (-106)/(-3) + 25/(-75) is divided by d(-1).
11
Let y = 71 + -23. Let p = y + -18. Suppose -3*r + p = -21. What is the remainder when r is divided by 9?
8
Let a be -2 + 2/1 + -1. Let w = 4 + a. What is the remainder when w is divided by 2?
1
Let p be 4/6*54/12. Suppose 54 = 3*z + 5*v, -7*v + p*v + 18 = z. What is the remainder when z is divided by 5?
3
Let p = -21 + 7. Let z = p + 36. What is the remainder when z is divided by 8?
6
Let d = 3 + -5. Let m(p) = 11*p**2 + p - 2. Let s = 3 - -11. What is the remainder when m(d) is divided by s?
12
Let l(u) be the third derivative of -1/15*u**5 + 0*u + 1/120*u**6 - 1/24*u**4 - 3*u**2 + 0 - 2/3*u**3. What is the remainder when 31 is divided by l(5)?
15
Suppose -42 + 16 = -o + 4*w, 4*o + 3*w = 66. Suppose 0 = 2*q - i + 3 - o, i - 1 = 0. Calculate the remainder when q is divided by 5.
3
What is the remainder when 34 is divided by -24*(3/6 + -1)?
10
Let y(s) = 6*s + 3. Let d be y(3). Let w = d + -11. Suppose -3*h = 2*h - w, 2*m - 6 = -2*h. Calculate the remainder when 2 is divided by m.
0
Suppose -2*x + 42 = 16. Calculate the remainder when 36 is divided by x.
10
Let u(g) = -g - 1. Let o be u(-4). Let z be 3/(1*-3) - o. What is the remainder when -2*(-2)/z*-9 is divided by 5?
4
Let v(j) = j**3 + j**2 - j + 3. Let y = -15 - -20. What is the remainder when y is divided by v(0)?
2
Suppose -12*f + 171 = -9*f. What is the remainder when f is divided by 12?
9
Suppose -2*q + 0 = -3*z - 38, -5*q + 5*z + 95 = 0. What is the remainder when 111 is divided by q?
16
Let v = 58 + -44. What is the remainder when 68 is divided by v?
12
Let b(s) = s**3 + 8*s**2 - 3*s + 15. What is the remainder when b(-8) is divided by 10?
9
Let j(q) = 2*q - 11. Suppose d + 4*v = 29, -3*d + 47 = -0*d + 2*v. Calculate the remainder when j(d) is divided by -5*((-16)/10 + 0).
7
Let g(b) = -b + 9. Let a be g(5). Suppose -t = -a - 1. What is the remainder when 8 is divided by t?
3
Suppose -60 = 14*w - 19*w. Suppose -4*p + 4*r + 58 = -p, -52 = -2*p - 4*r. Calculate the remainder when p is divided by w.
10
Suppose 3*c = 4*v + 42, -2*c - 5*v + 45 = -2*v. What is the remainder when 87 is divided by c?
15
Let z = 8 - -4. Calculate the remainder when z is divided by 7.
5
Let h(t) = t**2 + t + 14. Calculate the remainder when 27 is divided by h(0).
13
What is the remainder when -2*(-4 + 207/(-6)) is divided by 40?
37
What is the remainder when 42 is divided by 8 - -2 - (-2)/(4 + -2)?
9
Suppose 6*h - 2*h - 76 = -4*l, l - h - 25 = 0. Let m = -2 - -4. Suppose 4*b - 4*v - 56 = 0, -m*b - v + 22 = -0*v. What is the remainder when l is divided by b?
10
Suppose 4*m + 4*d - 25 = 5*m, -3*m = 2*d + 47. Let f = m - -29. Let n = 75 - 52. Calculate the remainder when n is divided by f.
11
Let q = 26 - 16. What is the remainder when 46 is divided by q?
6
Let o = 3 + -19. Let v = o + 25. Suppose -n + 16 = -0. Calculate the remainder when n is divided by v.
7
What is the remainder when 24 is divided by 4/16 - 105/(-12)?
6
Let z be ((-10)/4)/(1/(-6)). Let p(g) = g**3 - 9*g**2 + 8*g - 11. Let j be p(8). Let n = z + j. Calculate the remainder when 10 is divided by n.
2
Let u = -124 - -186. Calculate the remainder when u is divided by 25.
12
Let h(s) = -s**2 + 12*s - 28. What is the remainder when -1 + 0 - (-92)/4 is divided by h(6)?
6
Let n(y) = 15*y + 6. Let w(m) = -m**3 - 7*m**2 + 9*m + 12. Let k be w(-8). What is the remainder when n(k) is divided by 23?
20
Let l = 115 - 56. Calculate the remainder when l is divided by 15.
14
Let z = 7 + 6. Let d(q) = q**2 + q + 4. Let c be d(5). Let m = 58 - c. Calculate the remainder when m is divided by z.
11
Let n(s) = -4*s**2 - 5*s + 4 + 10*s + 11*s**2. Let w = 100 + -73. What is the remainder when n(-3) is divided by w?
25
Suppose 3*z = 3*f - 24, 0*f + f = -2*z - 7. Let p = -506 - -517. Calculate the remainder when p is divided by f.
2
Calculate the remainder when 436/12 + (-4)/(-6) is divided by 13.
11
Suppose -q - 28 = -2*w, 0*w - 49 = -3*w - 2*q. Calculate the remainder when 38 is divided by w.
8
Let d = 2 + 1. Suppose -2*y = d*y - 40. Calculate the remainder when (-1)/(-3) + (-44)/(-3) is divided by y.
7
Let m(r) = 4*r**3 + 13*r**2 - 4*r - 3. Let t(x) = 5*x**3 + 13*x**2 - 5*x - 3. Let c(a) = 6*m(a) - 5*t(a). What is the remainder when 38 is divided by c(13)?
8
Suppose -27 = -3*l + 276. Suppose -l = -5*t - 6. Let c = 24 + -14. Calculate the remainder when t is divided by c.
9
Let j(g) = g**3 + 6*g**2 - 6*g - 2. Suppose 10 + 2 = -3*u. Let q be u*((-21)/(-6) + -2). What is the remainder when j(q) is divided by 12?
10
Let u(q) = 6*q - 3. What is the remainder when (-6)/24 - 210/(-8) is divided by u(3)?
11
Let i = -6 + 12. Let y(z) = 3*z - 15. What is the remainder when 4 is divided by y(i)?
1
Suppose -2*p - 2*g - 1 = -p, 0 = g + 3. Calculate the remainder when 9 is divided by p.
4
Let i = 39 + -149. Let l = -54 - i. Let h = -37 + l. Calculate the remainder when 55 is divided by h.
17
Let k(x) = x**2 + 4*x - 7. Let l(w) = -6*w + 1. What is the remainder when k(-8) is divided by l(-2)?
12
Suppose 0*h = 8*h - 128. What is the remainder when 125 is divided by h?
13
Let m(f) = 34*f + 3. What is the remainder when m(2) is divided by 8?
7
Suppose 26 + 112 = 2*f. Let n = f + -35. Calculate the remainder when 133 is divided by n.
31
Let r = -90 - -151. What is the remainder when r is divided by 9?
7
Let t(l) = -l**3 + 6*l**2 + 2*l - 2. Let j(p) = -p**3 + 6*p**2 + 2*p - 1. Let n(d) = 6*j(d) - 5*t(d). Calculate the remainder when 61 is divided by n(6).
13
Let t(o) = -o**3 - o**2 + o + 3. Let s = -4 - -7. Suppose 4*h - 4 = -4*a, 1 = 3*a + 2*h + s*h. Calculate the remainder when t(0) is divided by a.
1
What is the remainder when 89 is divided by 16 - (2 + -2 + 1)?
14
Suppose -4*z = -z - 15. Suppose 0 = -z*o - 2*d - 5 + 25, 5*d - 15 = 5*o. Calculate the remainder when 7 is divided by o.
1
What is the remainder when 37 is divided by (-4)/(48/(-177)) + (-3)/4?
9
Suppose -2*v - 3*v + 375 = 0. What is the remainder when v is divided by 26?
23
Suppose 2*g - 8 - 16 = 0. Let a be (-8)/14 - (-426)/(-14). Let x = -10 - a. What is the remainder when x is divided by g?
9
Let n(x) = -x**3 + 6*x**2 + 2*x - 4. What is the remainder when 29 is divided by n(6)?
5
Suppose -12 = v - 16. Calculate the remainder when 22 is divided by v.
2
Let p be 1/(-4*4/(-928)). Suppose 5*d - p = -3*g, 2*d + 3*g + 8 = 33. Let m = 4 + 0. Calculate the remainder when d is divided by m.
3
Let q = 890 - 887. Let b